c(l).
5
Let f(r) = -2*r**3 - r**2 + 2. Suppose 5*h - 18 = -4*a - 0*h, 4*h = -a + 10. Calculate f(a).
-18
Let n(k) = k**2 - 5*k - 3. Let w(l) = -l. Let a(d) = -n(d) + 3*w(d). Calculate a(-2).
-5
Let g be (((-102)/(-12))/(-17))/((-2)/12). Let s(l) be the first derivative of -l**3/3 + l**2 - 4*l + 1. What is s(g)?
-7
Let d be 135/(-20) - 3/(-4). Let n(b) = 2*b + 3. Calculate n(d).
-9
Let b(f) be the second derivative of f**4/12 + f**3/3 - f**2 + 2*f. Let w(i) = i**3 - 5*i**2 - 4. Let k be w(5). What is b(k)?
6
Let r(k) = 9*k**3 - 2*k**2 + 1. Suppose 4*v - 3 = 1. Determine r(v).
8
Let b(n) = -n**2 - n + 2. Suppose -71*u + 72*u = -5. What is b(u)?
-18
Let u = -2 - -1. Let n(b) be the second derivative of -3*b + 1/6*b**4 + 0 + 0*b**3 - 1/2*b**2 + 1/5*b**5. Determine n(u).
-3
Let j(a) be the first derivative of -a**5/60 - a**4/24 - 5*a**3/3 - 9. Let c(y) be the third derivative of j(y). Calculate c(-2).
3
Let s(v) be the first derivative of -v**4/4 - 4*v**3/3 - v**2/2 + 4*v + 7. Determine s(-3).
-2
Let r(y) = -3*y**3 + y**2 + 3*y - 3. Let n(b) = -8*b**3 + 3*b**2 + 8*b - 8. Let s(d) = 4*n(d) - 11*r(d). Determine s(-3).
-14
Let x(y) = 984*y**2 - y - 491*y**2 - 494*y**2 - 1 + 2*y**3. Suppose -3*u - 2*u = -3*h - 4, 4*u + 3*h + 13 = 0. Let l = u - 0. Determine x(l).
-3
Let x(i) = -i**3 - 4*i**2 + 3. Let n be x(-3). Let o = -3 - n. Let c(w) = -w**2 + 5*w - 2. Give c(o).
4
Let q(z) = 6*z + 1. Let u(n) = -24*n - 3. Let v(j) = -9*q(j) - 2*u(j). Let s(c) = -c**3 + 2*c**2 - c. Let t be s(2). Give v(t).
9
Let d(j) = -j**3 + 8*j**2 - 8*j + 5. Let g = 2 - -5. Determine d(g).
-2
Let x be (-2)/18*-2 + 2323/(-207). Let w(m) = m**3 + 11*m**2 + 2*m + 13. What is w(x)?
-9
Suppose 20 = -44*y + 39*y. Let k(q) = 0*q**2 - 2*q**2 + 3*q**2 + q. Let d(b) = b**3 + 2*b**2 + 2*b - 3. Let h(s) = d(s) + 3*k(s). Calculate h(y).
-7
Let a(l) = 6*l**3 + 6*l - 7. Let o(c) = 5*c**3 + 5*c - 6. Let d(n) = -6*a(n) + 7*o(n). What is d(-1)?
2
Let j = 5 + -2. Suppose -j*y = -2*w + 9, -2*w - 5*y = 3*w - 10. Let a(t) = 0 - t**w + 6*t**2 + 0*t**2 + 4 - 2. What is a(6)?
2
Let x(c) = -c**3 - 3*c**2 - 3*c - 4. Let k = 38 + -41. What is x(k)?
5
Let k(v) = v**3 - 5*v**2 - 1 - 12*v**3 - v + 5*v**3 + 5*v**3. Give k(-5).
4
Let j(y) = 2*y**2 + 0*y**3 - 5*y**3 + 6*y**3 - 2*y + 3*y + 2. What is j(-2)?
0
Let o(i) = -2*i - 1. Suppose 1 = -r, -3*r + 55 = 4*g + 10. Let w = 8 - g. What is o(w)?
7
Let o(m) be the second derivative of -5*m**3/6 - m**2/2 - 3*m. Give o(-1).
4
Suppose 24 = 5*y + 3*y. Let d(j) be the first derivative of -2 + 1/3*j**y - 3*j**2 + 6*j. Determine d(4).
-2
Let o(b) be the third derivative of b**6/360 - b**5/30 + b**4/8 - b**3/2 + 3*b**2. Let j(x) be the first derivative of o(x). Determine j(2).
-1
Let g(b) be the second derivative of b**5/20 + b**4/2 + 7*b**3/6 + 3*b**2/2 + 10*b. Suppose l + 10 = -l. What is g(l)?
-7
Let j(k) = k**3 + k - 2. Let o be j(0). Let s(b) be the second derivative of b**5/20 + b**4/6 + b**3/3 + b**2 - 6*b. Calculate s(o).
-2
Let d(y) = y**3 + 5*y**2 + 4*y + 1. Let a be 3/2*(-8)/(-1). Let m = -7 + 15. Let x = m - a. What is d(x)?
1
Suppose 5*x - 12 = -2*t + 10, 3*x - 9 = 3*t. Let o(d) be the first derivative of -d**2 + 1/3*d**3 - 5*d + 2. Calculate o(x).
3
Let a(z) = -2*z**3 - z**2 - z. Let m(t) = 5*t**3 + 6*t**2 + 6*t - 1. Let g(d) = -3*a(d) - m(d). Let l(i) = i**3 - 4*i**2 + 4*i. Let b be l(3). What is g(b)?
-8
Let q(x) = 0*x + x - 4*x**2 + 2*x**2. Let t = 53 - 51. Give q(t).
-6
Let b = 13 + -8. Let q(t) = 5*t + 6. Let j(w) = 6*w + 5. Let r(x) = b*j(x) - 4*q(x). What is r(1)?
11
Let d(k) = k**2 + 3*k + 3. Suppose 3*m + 4*g = -9, -m - 11*g + 7*g = 3. Determine d(m).
3
Suppose 3*i - 1 = 3*l - 4, -l + 2*i - 4 = 0. Let h(w) = 4*w - 2*w + 4*w - w**2 + 0*w**2 + 8. Give h(l).
8
Let q = 3 - 3. Suppose q = -5*z - 10 - 0. Let v = z + 3. Let k(m) = -m - 1. Give k(v).
-2
Let p(s) = s + 0*s - 3*s + 3*s + 5. Give p(7).
12
Let c be 4/6 + 8/(-12). Let r = 2 + c. Let l(h) = -h**2 - 7 + h + 6 + 5*h**r. Calculate l(1).
4
Let u(c) = c**2 - 6*c - 10. Let l(t) = t**2 + 10*t + 17. Let d be l(-9). Give u(d).
6
Let h(b) = 5*b - 1. Let f be h(1). Suppose -p = -3*k - 8, 25 = f*p - 0*p - 5*k. Let z(l) = -l**2 + 4*l + 6. Determine z(p).
1
Suppose -2*s + 1 = c + 5, 4*s + 16 = 0. Let n = 5 + 0. Let b(a) = -4*a - n*a**2 + 1 + 6*a**2 + 3. What is b(c)?
4
Suppose -21 = -2*q - q. Let w(n) = -n**2 + 6*n + 7. Let v be w(q). Let z(i) = i - 3. Determine z(v).
-3
Suppose 4*n = 3*d + 2, 5*d + 2*n + 15 = -3*n. Let w = 5 + d. Suppose w*i - 5 = 10. Let o(f) = f**3 - 6*f**2 + 4*f + 2. Calculate o(i).
-3
Suppose 0 = 2*a - 4*n - 0*n, 4*n = 3*a - 2. Let g(p) = 7 - 2 - 4 + 0*p**2 + p**2. Give g(a).
5
Let x(i) = -11*i**2 - 7*i + 9. Let k(a) = 5*a**2 + 4*a - 5. Let u(l) = -7*k(l) - 4*x(l). Let m = 1 - 0. Determine u(m).
8
Let r(z) = -z + 5. Suppose 0 = 4*i + q + 21, 5*i + 4*q = -6 - 34. Give r(i).
9
Let g = 30 + -35. Let h(r) be the second derivative of -r**3/6 + r**2/2 + 2*r. Calculate h(g).
6
Let i(d) be the first derivative of d**5/60 - 2*d**3/3 - 2. Let g(j) be the third derivative of i(j). Calculate g(-3).
-6
Let h(u) = -u + 14 - 3 - 1. Give h(5).
5
Let u(o) = 2 + 2*o**2 + 3 - o**2. Suppose 0*q + q = -5. Let l(j) = -j**2 - 4*j + 5. Let a be l(q). What is u(a)?
5
Let j(t) = -2*t - 18. Let v be j(-8). Let i be (1 - v - 4)*7. Let f(n) = -n**3 - 8*n**2 - 7*n - 5. Give f(i).
-5
Let w(n) be the third derivative of n**5/60 - 5*n**4/24 - n**3/2 - 9*n**2. Give w(6).
3
Suppose -3*q = -j - 55, 2*q - 3*j - 42 = -j. Let u = q + -17. Let m(x) = -x**3 + x**2 + x + 2. Calculate m(u).
2
Let a(y) be the second derivative of y**3/2 + y**2/2 + y. Let l(r) = -r**3 - 3*r**2 - 2*r - 3. Suppose -2*d = -d + 2. Let b be l(d). Determine a(b).
-8
Let v(o) be the third derivative of -o**6/120 - o**5/20 + o**4/12 + 3*o**2. Determine v(-3).
-6
Let k(y) = 2*y**3 + 4*y**2 + 4*y + 3. Let h be 15 + (0 - 1/1). Suppose 5*t + a + 0*a + h = 0, -4*a - 14 = -t. Calculate k(t).
-5
Let u(d) be the second derivative of d**4/12 + d**3/6 - d**2/2 - 14*d. Calculate u(2).
5
Let n(u) be the second derivative of -u**5/20 - u**3/6 + u**2/2 - 5*u. Give n(2).
-9
Let i = 4 + 0. Let n(y) be the first derivative of y**3/3 - 2*y**2 - 5*y - 33. Give n(i).
-5
Let j(h) = -h**2 - 2. Suppose -6*n = -2*n. Determine j(n).
-2
Let u(n) = 2*n. Let w be u(-2). Let t(y) = 2*y - 1. Calculate t(w).
-9
Let u(p) = -5*p**2 + 4*p - 4. Let s(d) = -26*d**2 + 20*d - 21. Let f(k) = 2*s(k) - 11*u(k). Let w(n) = n**2 + 14*n + 47. Let a be w(-5). Give f(a).
6
Let x(s) = -s**3 + 6*s**2 - 6*s + 7. Suppose 5*o - 2*a = -6*a - 105, 4*o + 2*a + 84 = 0. Let y be 68/14 + (-3)/o. What is x(y)?
2
Let i(c) = c**2 + 3*c - 7. Let p = -31 - -26. What is i(p)?
3
Let x(v) = 2*v + 1. Suppose 0 = 2*u - u - 3*j - 6, 8 = 5*u - 4*j. Suppose 4*z = 5*t + 1, 5*t - 7 = -u*z + 2*z. Give x(t).
7
Suppose 0 = -2*h - 3 - 5. Let d(i) be the second derivative of -i**4/12 - 5*i**3/6 + 3*i**2/2 + 24*i. Give d(h).
7
Suppose 3*r - 18 = z + 7*r, -5*r - 29 = -2*z. Let m = 28 - 18. Suppose -2*w + m = -q + z*w, -3*w = 3*q. Let g(k) = 2*k**3 + k**2 - 3*k - 3. What is g(q)?
-9
Let z(q) = 7*q**3 + 13*q**2 + 11*q - 14. Let h(u) = -3*u**3 - 7*u**2 - 6*u + 7. Let d(n) = -5*h(n) - 2*z(n). Give d(-8).
-7
Let c(s) = -14*s**3 + 4*s**2 + 4*s + 5. Let f(p) = 15*p**3 - 5*p**2 - 5*p - 6. Let d(g) = 5*c(g) + 4*f(g). Determine d(1).
-9
Let m(h) = 2*h - 1. Let l = 3 - 19. Let o be l/88 - (-2)/11. Let c be -4 + 1 - (1 + o). Give m(c).
-9
Suppose 2*q = 3*q - g - 4, 3*q - 20 = -5*g. Let t = q - 3. Let u(w) = -3*w**3 + 4*w**2 - w - 2. Determine u(t).
-12
Let r(j) = j. Let n(a) = -2 - 5*a + 0*a - 2 + 5. Let k(v) = -n(v) - 6*r(v). Suppose -22 = 5*p - 2*g, -p + 2 = 3*g + 3. Determine k(p).
3
Suppose -3*s = -2 - 4. Let x(d) = 3*d**2 - 8*d + 9. Let z(y) = 2*y**2 - 4*y + 4. Let g(n) = -2*x(n) + 5*z(n). Calculate g(s).
10
Let w = -7 + 10. Let t(g) = -4 + 3 + 4*g**2 + g**w + 25*g - 21*g + 4. Let v(y) = -y**2 + 3*y - 3. Let q be v(3). Calculate t(q).
0
Let m = 8 - 3. Suppose -2*z = 3*z - m. Let c(r) = -3*r + 2. Let p(a) = -1. Let v(u) = -c(u) - p(u). Calculate v(z).
2
Let t = -77 - -73. Let r(y) = -y**2 - 4*y - 2. Determine r(t).
-2
Let f(a) be the third derivative of -a**7/5040 - a**6/360 + a**5/30 - 3*a**2. Let j(x) be the third derivative of f(x). C